{"id":2413,"date":"2024-08-17T10:04:21","date_gmt":"2024-08-17T15:04:21","guid":{"rendered":"https:\/\/isanagustin.edu.pe\/portal1\/?page_id=2413"},"modified":"2024-08-21T09:40:09","modified_gmt":"2024-08-21T14:40:09","slug":"historia","status":"publish","type":"page","link":"https:\/\/isanagustin.edu.pe\/portal1\/historia\/","title":{"rendered":"Historia"},"content":{"rendered":"\n<div class=\"wp-block-uagb-container uagb-block-f5fceab2 alignfull uagb-is-root-container\"><div class=\"uagb-container-inner-blocks-wrap\">\n<div class=\"wp-block-uagb-info-box uagb-block-47dd8318 uagb-infobox__content-wrap  uagb-infobox-icon-above-title uagb-infobox-image-valign-top\"><div class=\"uagb-ifb-content\"><div class=\"uagb-ifb-title-wrap\"><h1 class=\"uagb-ifb-title\">Historia Institucional<\/h1><\/div><p class=\"uagb-ifb-desc\">\u00abEl IESTP San Agust\u00edn, fundado para formar profesionales t\u00e9cnicos, ha evolucionado con el mercado, destac\u00e1ndose por su calidad educativa y su contribuci\u00f3n al desarrollo regional y nacional.\u00bb<\/p><\/div><\/div>\n<\/div><\/div>\n\n\n\n<div class=\"wp-block-uagb-container uagb-layout-grid uagb-block-020c6577 alignfull uagb-is-root-container\"><div class=\"uagb-container-inner-blocks-wrap\">\n<div class=\"wp-block-uagb-container uagb-layout-grid uagb-block-cb6c024c\">\n<div class=\"wp-block-uagb-advanced-heading uagb-block-0683a4d2\"><h3 class=\"uagb-heading-text\">Comienzo&#8230;<\/h3><\/div>\n\n\n\n<div class=\"wp-block-uagb-separator uagb-block-f7e51bc1 wp-block-uagb-separator--icon\"><div class=\"uagb-separator-spacing-wrapper\"><div class=\"wp-block-uagb-separator__inner\" style=\"--my-background-image:\"><div class=\"wp-block-uagb-separator-element\"><svg xmlns=\"https:\/\/www.w3.org\/2000\/svg\" viewBox=\"0 0 448 512\"><path d=\"M224 416c-8.188 0-16.38-3.125-22.62-9.375l-192-192c-12.5-12.5-12.5-32.75 0-45.25s32.75-12.5 45.25 0L224 338.8l169.4-169.4c12.5-12.5 32.75-12.5 45.25 0s12.5 32.75 0 45.25l-192 192C240.4 412.9 232.2 416 224 416z\"><\/path><\/svg><\/div><\/div><\/div><\/div>\n\n\n\n<div class=\"wp-block-uagb-info-box uagb-block-531c845e uagb-infobox__content-wrap  uagb-infobox-icon-above-title uagb-infobox-image-valign-top\"><div class=\"uagb-ifb-content\"><div class=\"uagb-ifb-title-wrap\"><\/div><p class=\"uagb-ifb-desc\">El 28 de mayo se celebra un aniversario m\u00e1s de vida institucional del Instituto de Educaci\u00f3n Superior Tecnol\u00f3gico P\u00fablico \u201cSan Agust\u00edn\u201d de Ja\u00e9n. La resoluci\u00f3n de creaci\u00f3n fue con a RM 227-90-ED y tiene fecha el 14 de febrero del 1990, pero como el inicio de clases fue el 28 de mayo, se estableci\u00f3 \u00e9sta como fecha de celebraci\u00f3n.<br>En su inicio tuvo el nombre del insigne pol\u00edtico V\u00edctor Ra\u00fal Haya de la Torre, sus impulsores pertenecieron al partido que \u00e9l fund\u00f3, era el primer gobierno de Alan Garc\u00eda y le correspond\u00eda el nombre. Sin local tuvo que empezar a funcionar en la IE del mismo nombre, su primer director fue el Lic. Nestor Suarez Ramos, en el a\u00f1o 1991 asume la direcci\u00f3n la Lic. Dina Correa Barrantes y despu\u00e9s el Prof. Rafael Jara V. y en el a\u00f1o 1992 el Lic. Grimaldo Villalobos Alvarado, quien renuncia cuando los directivos del Colegio Haya de la Torre expulsaron al instituto y lo dejaron a su suerte con la pasividad y permisividad de las autoridades educativas de ese entonces, asume la direcci\u00f3n ese a\u00f1o el Ing. Luis Abad Arriaga y toda la comunidad educativa inicia una gesta memorable para obtener su independencia.<br>Tomaron las calles y plazas en manifestaciones donde reclamaban el derecho a la educaci\u00f3n p\u00fablica, luchas que tuvieron su punto culminante con la toma del local de la UGEL Ja\u00e9n, que en ese entonces funcionaba en calle Mariscal Castilla, corr\u00eda el a\u00f1o 1993 y lograron que el Director de Educaci\u00f3n, Grimaldo Sober\u00f3n Pezantes les autorizara funcionar en cualquier otro local. El reinicio de las clases fue en el Coloso Ja\u00e9n de Bracamoros, quien les alquil\u00f3 nueve aulas. Fue en este ambiente que se cambi\u00f3 democr\u00e1ticamente el nombre por el de San Agust\u00edn. Por cuestiones pol\u00edticas, eran tiempos del fujimorismo, fue cambiado el director Abad, regresando el Lic. Villalobos a la direcci\u00f3n.<br>El Alcalde de ese entonces Miguel Oblitas Guevara don\u00f3 un terreno para el futuro local. La plana docente del joven instituto estuvo conformado por j\u00f3venes profesionales que laboraban en instituciones del sector p\u00fablico, quienes desde su puesto de trabajo ayudaron a gestionar la construcci\u00f3n del local que ahora los alberga: Lucho Soto Solano, Manuel Custodio L\u00f3pez, Julio Ravines, Wilmer Galvez Quevedo, Rafael Ubilluz, Roiser Guadalupe, Dany Balarezo Ramirez, Wenceslao Correa Febres, Lucho Abad Arriaga, Delia Qui\u00f1onez Camacho, Sislan Pompeyo Rodas Aurazo, todos estos profesionales se desempe\u00f1aban como docentes, laboraban tambi\u00e9n en el sector p\u00fablico y desde sus puestos de trabajo en la Sub Regi\u00f3n, Municipalidad, Educaci\u00f3n, hicieron posible priorizar partidas presupuestales para la construcci\u00f3n del local institucional y nombramientos de plazas. Es notorio el empe\u00f1o solidario de alumnos y padres de familia quienes tambi\u00e9n pusieron su granito de arena, hermosas fueron las campa\u00f1as de limpieza, operaci\u00f3n ladrillo, donde todos confundidos, palmo a palmo convirtieron el agreste lugar en el local institucional que es hoy, estas hist\u00f3ricas faenas eran muy alegres y terminaban en fiesta, para alegr\u00eda del nuevo barrio, especialmente de don Emilio Ugaz, quien les ofrec\u00eda las bebidas y la sombra de las frondosas cataguas que ten\u00eda al frente de su casa.<br>De los 24 a\u00f1os de funcionamiento han egresado de sus aulas m\u00e1s de 2,500 profesionales t\u00e9cnicos, insertados plena y eficientemente en el sector productivo y en la sociedad. Cada uno de ellos es una historia de sacrificio y perseverancia, escogieron al San Agust\u00edn como un periodo de formaci\u00f3n en competencias, una experiencia trascendental en sus vidas, ahora tienen una carrera universitaria muchos y otros son pieza fundamental en la organizaci\u00f3n y funcionamiento del aparato productivo de nuestra regi\u00f3n.<br>Tambi\u00e9n es momento de recordar con mucho cari\u00f1o a los docentes que partieron de este mundo y desde el cielo iluminan su desarrollo: James Horna D\u00e1vila, Elva Requejo Fuentes. Y a maestros que trabajaron en sus aulas y por motivos personales ahora destacan en otros centros, como Elmer Palacios Agurto, Lucy Medina Palacios, \u00c1lvaro Salazar R\u00edos, Claudia Rodriguez Ortiz<br>Siempre unidos, encaran los momentos actuales de alta competencia, ya iniciaron el proceso de acreditaci\u00f3n y la puesta en marcha de nuevas carreras para ofertarlas, El San Agust\u00edn es del pueblo, es una instituci\u00f3n p\u00fablica, la ense\u00f1anza es gratuita y moderna y est\u00e1 a disposici\u00f3n de j\u00f3venes de la zona rural, de trabajadores y de hombres y mujeres que deseen insertarse en el mercado laboral mientras se dedican a otras actividades.<br>El sistema por competencias que desarrollan les permite terminar m\u00f3dulos certificables de un a\u00f1o, con capacidades espec\u00edficas para acceder a un puesto de trabajo.<br>Junto a su Director, el Ing. Luis Antonio Abad Arriaga, celebran con benepl\u00e1cito su aniversario n\u00famero 24, toda la plana docente: Dany Balarezo Ram\u00edrez, Ronald Rodr\u00edguez Alvarado, Manuel Custodio L\u00f3pez, Grimaldo Villalobos Alvarado, Felicia Angelina R\u00e1zuri Rubio, Dante Alexander Rodr\u00edguez Alvarado, Alejandrina Le\u00f3n Maldonado, Dina Correa Barrantes, Delia Qui\u00f1ones Camacho, Roiser Guadalupe Fern\u00e1ndez, Mar\u00eda Esther Ocupa Ortiz, Lizardo Velasco Ju\u00e1rez, Luisa Ar\u00e9valo Silva, Marleni Olivera Delgado, Walter Cubas Salda\u00f1a, Gabriel L\u00f3pez Risco, Ladi Desly Coronel P\u00e9rez, Miguel P\u00e9rez Rioja, Gilberto Ram\u00edrez P\u00e9rez, Ansuini Mart\u00ednez Tiravante. Los trabajadores administrativos: Rossi Medal\u00ed Requejo Arbaiza, Liliana Margoth Segura Hern\u00e1ndez, Juan Miguel La Rosa Ch\u00e1vez y Manuel Porfirio Ignacio Marchena y los estudiantes de todas sus carreras.<\/p><\/div><\/div>\n<\/div>\n\n\n\n<div class=\"wp-block-uagb-container uagb-layout-grid uagb-block-4ce8d130\">\n<div class=\"wp-block-uagb-advanced-heading uagb-block-6d4065a4\"><h3 class=\"uagb-heading-text\">Noticias<\/h3><\/div>\n\n\n\n<div class=\"wp-block-uagb-separator uagb-block-c8bfaba9 wp-block-uagb-separator--icon\"><div class=\"uagb-separator-spacing-wrapper\"><div class=\"wp-block-uagb-separator__inner\" style=\"--my-background-image:\"><div class=\"wp-block-uagb-separator-element\"><svg xmlns=\"https:\/\/www.w3.org\/2000\/svg\" viewBox=\"0 0 448 512\"><path d=\"M224 416c-8.188 0-16.38-3.125-22.62-9.375l-192-192c-12.5-12.5-12.5-32.75 0-45.25s32.75-12.5 45.25 0L224 338.8l169.4-169.4c12.5-12.5 32.75-12.5 45.25 0s12.5 32.75 0 45.25l-192 192C240.4 412.9 232.2 416 224 416z\"><\/path><\/svg><\/div><\/div><\/div><\/div>\n\n\n\n\t\t\t<div class=\"wp-block-uagb-post-grid uagb-post-grid  uagb-post__image-position-top uagb-post__image-enabled uagb-block-5002a0ef     uagb-post__items uagb-post__columns-1 is-grid uagb-post__columns-tablet-2 uagb-post__columns-mobile-1 uagb-post__equal-height\" data-total=\"11\" style=\"\">\n\n\t\t\t\t\t\t\t\t\t\t\t\t<article class=\"uagb-post__inner-wrap\">\t\t\t\t\t\t\t\t<div class='uagb-post__image'>\n\t\t\t\t\t\t\t\t\t<a href=\"https:\/\/isanagustin.edu.pe\/portal1\/comunicado-oficial-postergacion-del-examen-de-admision-2026\/\" target=\"_self\" rel=\"bookmark noopener noreferrer\" class='uagb-image-ratio-inherit'><img loading=\"lazy\" decoding=\"async\" width=\"441\" height=\"161\" src=\"https:\/\/isanagustin.edu.pe\/portal1\/wp-content\/uploads\/2026\/03\/comu.png\" class=\"attachment-large size-large\" alt=\"\" srcset=\"https:\/\/isanagustin.edu.pe\/portal1\/wp-content\/uploads\/2026\/03\/comu.png 441w, https:\/\/isanagustin.edu.pe\/portal1\/wp-content\/uploads\/2026\/03\/comu-300x110.png 300w\" sizes=\"auto, (max-width: 441px) 100vw, 441px\" \/>\t\t\t\t\t<\/a>\n\t\t\t\t\t\t\t<\/div>\n\t\t\t\t\t\t<h4 class=\"uagb-post__title uagb-post__text\">\n\t\t\t\t<a href=\"https:\/\/isanagustin.edu.pe\/portal1\/comunicado-oficial-postergacion-del-examen-de-admision-2026\/\" target=\"_self\" rel=\"bookmark noopener noreferrer\">COMUNICADO OFICIAL: POSTERGACI\u00d3N DEL EXAMEN DE ADMISI\u00d3N 2026<\/a>\n\t\t\t<\/h4>\n\t\t\t\t\t\t<div class='uagb-post__text uagb-post-grid-byline'>\n\t\t\t\t\t\t\t\t<time datetime=\"2026-03-28T07:32:44-05:00\" class=\"uagb-post__date\">\n\t\t\t\t<span class=\"dashicons-calendar dashicons\"><\/span>\t\t\t\t\t28 marzo, 2026\t\t\t\t<\/time>\n\t\t\t\t\t\t<\/div>\n\t\t\t\t\t\t\t<div class='uagb-post__text uagb-post__excerpt'>\n\t\t\t\t\t<p>El Instituto de Educaci\u00f3n Superior Tecnol\u00f3gico P\u00fablico San Agust\u00edn, en el marco del A\u00f1o de&#8230;\t\t\t\t<\/div>\n\t\t\t\t\t\t<div class=\"uagb-post__text uagb-post__cta wp-block-button\">\n\t\t\t\t<a class=\"wp-block-button__link uagb-text-link\" style=\"\" href=\"https:\/\/isanagustin.edu.pe\/portal1\/comunicado-oficial-postergacion-del-examen-de-admision-2026\/\" target=\"_self\" rel=\"bookmark noopener noreferrer\">leer<\/a>\n\t\t\t<\/div>\n\t\t\t\n\t\t\t\t\t\t\t\t\t<\/article>\n\t\t\t\t\t\t\t\t\t\t\t\t\t\t\t\t<article class=\"uagb-post__inner-wrap\">\t\t\t\t\t\t\t\t<div class='uagb-post__image'>\n\t\t\t\t\t\t\t\t\t<a href=\"https:\/\/isanagustin.edu.pe\/portal1\/bienvenidos-al-ciclo-academico-2026-en-el-centro-pret-san-agustin\/\" target=\"_self\" rel=\"bookmark noopener noreferrer\" class='uagb-image-ratio-inherit'><img loading=\"lazy\" decoding=\"async\" width=\"1024\" height=\"768\" src=\"https:\/\/isanagustin.edu.pe\/portal1\/wp-content\/uploads\/2026\/01\/WhatsApp-Image-2026-01-19-at-8.32.14-AM-1024x768.jpeg\" class=\"attachment-large size-large\" alt=\"\" srcset=\"https:\/\/isanagustin.edu.pe\/portal1\/wp-content\/uploads\/2026\/01\/WhatsApp-Image-2026-01-19-at-8.32.14-AM-1024x768.jpeg 1024w, https:\/\/isanagustin.edu.pe\/portal1\/wp-content\/uploads\/2026\/01\/WhatsApp-Image-2026-01-19-at-8.32.14-AM-300x225.jpeg 300w, https:\/\/isanagustin.edu.pe\/portal1\/wp-content\/uploads\/2026\/01\/WhatsApp-Image-2026-01-19-at-8.32.14-AM-768x576.jpeg 768w, https:\/\/isanagustin.edu.pe\/portal1\/wp-content\/uploads\/2026\/01\/WhatsApp-Image-2026-01-19-at-8.32.14-AM.jpeg 1280w\" sizes=\"auto, (max-width: 1024px) 100vw, 1024px\" \/>\t\t\t\t\t<\/a>\n\t\t\t\t\t\t\t<\/div>\n\t\t\t\t\t\t<h4 class=\"uagb-post__title uagb-post__text\">\n\t\t\t\t<a href=\"https:\/\/isanagustin.edu.pe\/portal1\/bienvenidos-al-ciclo-academico-2026-en-el-centro-pret-san-agustin\/\" target=\"_self\" rel=\"bookmark noopener noreferrer\">\u00a1Bienvenidos al Ciclo Acad\u00e9mico 2026 en el Centro PreT San Agust\u00edn!<\/a>\n\t\t\t<\/h4>\n\t\t\t\t\t\t<div class='uagb-post__text uagb-post-grid-byline'>\n\t\t\t\t\t\t\t\t<time datetime=\"2026-01-20T08:10:57-05:00\" class=\"uagb-post__date\">\n\t\t\t\t<span class=\"dashicons-calendar dashicons\"><\/span>\t\t\t\t\t20 enero, 2026\t\t\t\t<\/time>\n\t\t\t\t\t\t<\/div>\n\t\t\t\t\t\t\t<div class='uagb-post__text uagb-post__excerpt'>\n\t\t\t\t\t<p>El 19 de enero de 2026, el Centro PreT San Agust\u00edn, parte del IESTP San&#8230;\t\t\t\t<\/div>\n\t\t\t\t\t\t<div class=\"uagb-post__text uagb-post__cta wp-block-button\">\n\t\t\t\t<a class=\"wp-block-button__link uagb-text-link\" style=\"\" href=\"https:\/\/isanagustin.edu.pe\/portal1\/bienvenidos-al-ciclo-academico-2026-en-el-centro-pret-san-agustin\/\" target=\"_self\" rel=\"bookmark noopener noreferrer\">leer<\/a>\n\t\t\t<\/div>\n\t\t\t\n\t\t\t\t\t\t\t\t\t<\/article>\n\t\t\t\t\t\t\t\t\t\t\t\t\t<div class=\"uagb-post-pagination-wrap\">\n\t\t\t\t\t\t<span aria-current=\"page\" class=\"page-numbers current\">1<\/span>\n<a class=\"page-numbers\" href=\"https:\/\/isanagustin.edu.pe\/portal1\/wp-json\/wp\/v2\/pages\/2413\/page\/2\/\">2<\/a>\n<a class=\"page-numbers\" href=\"https:\/\/isanagustin.edu.pe\/portal1\/wp-json\/wp\/v2\/pages\/2413\/page\/3\/\">3<\/a>\n<a class=\"next page-numbers\" href=\"https:\/\/isanagustin.edu.pe\/portal1\/wp-json\/wp\/v2\/pages\/2413\/page\/2\/\">Siguiente \u00bb<\/a>\t\t\t\t\t<\/div>\n\t\t\t\t\t\t\t\t<\/div>\n\t\t\t<\/div>\n<\/div><\/div>\n","protected":false},"excerpt":{"rendered":"<p>Comienzo&#8230; Noticias<\/p>\n","protected":false},"author":1,"featured_media":0,"parent":0,"menu_order":0,"comment_status":"closed","ping_status":"closed","template":"","meta":{"_uag_custom_page_level_css":"","site-sidebar-layout":"default","site-content-layout":"","ast-site-content-layout":"default","site-content-style":"default","site-sidebar-style":"default","ast-global-header-display":"","ast-banner-title-visibility":"","ast-main-header-display":"","ast-hfb-above-header-display":"","ast-hfb-below-header-display":"","ast-hfb-mobile-header-display":"","site-post-title":"disabled","ast-breadcrumbs-content":"","ast-featured-img":"","footer-sml-layout":"","theme-transparent-header-meta":"","adv-header-id-meta":"","stick-header-meta":"","header-above-stick-meta":"","header-main-stick-meta":"","header-below-stick-meta":"","astra-migrate-meta-layouts":"set","ast-page-background-enabled":"default","ast-page-background-meta":{"desktop":{"background-color":"","background-image":"","background-repeat":"repeat","background-position":"center center","background-size":"auto","background-attachment":"scroll","background-type":"","background-media":"","overlay-type":"","overlay-color":"","overlay-opacity":"","overlay-gradient":""},"tablet":{"background-color":"","background-image":"","background-repeat":"repeat","background-position":"center center","background-size":"auto","background-attachment":"scroll","background-type":"","background-media":"","overlay-type":"","overlay-color":"","overlay-opacity":"","overlay-gradient":""},"mobile":{"background-color":"","background-image":"","background-repeat":"repeat","background-position":"center center","background-size":"auto","background-attachment":"scroll","background-type":"","background-media":"","overlay-type":"","overlay-color":"","overlay-opacity":"","overlay-gradient":""}},"ast-content-background-meta":{"desktop":{"background-color":"var(--ast-global-color-5)","background-image":"","background-repeat":"repeat","background-position":"center center","background-size":"auto","background-attachment":"scroll","background-type":"","background-media":"","overlay-type":"","overlay-color":"","overlay-opacity":"","overlay-gradient":""},"tablet":{"background-color":"var(--ast-global-color-5)","background-image":"","background-repeat":"repeat","background-position":"center center","background-size":"auto","background-attachment":"scroll","background-type":"","background-media":"","overlay-type":"","overlay-color":"","overlay-opacity":"","overlay-gradient":""},"mobile":{"background-color":"var(--ast-global-color-5)","background-image":"","background-repeat":"repeat","background-position":"center center","background-size":"auto","background-attachment":"scroll","background-type":"","background-media":"","overlay-type":"","overlay-color":"","overlay-opacity":"","overlay-gradient":""}},"footnotes":""},"class_list":["post-2413","page","type-page","status-publish","hentry"],"uagb_featured_image_src":{"full":false,"thumbnail":false,"medium":false,"medium_large":false,"large":false,"1536x1536":false,"2048x2048":false},"uagb_author_info":{"display_name":"junior","author_link":"https:\/\/isanagustin.edu.pe\/portal1\/author\/junior\/"},"uagb_comment_info":0,"uagb_excerpt":"Comienzo&#8230; Noticias","_links":{"self":[{"href":"https:\/\/isanagustin.edu.pe\/portal1\/wp-json\/wp\/v2\/pages\/2413","targetHints":{"allow":["GET"]}}],"collection":[{"href":"https:\/\/isanagustin.edu.pe\/portal1\/wp-json\/wp\/v2\/pages"}],"about":[{"href":"https:\/\/isanagustin.edu.pe\/portal1\/wp-json\/wp\/v2\/types\/page"}],"author":[{"embeddable":true,"href":"https:\/\/isanagustin.edu.pe\/portal1\/wp-json\/wp\/v2\/users\/1"}],"replies":[{"embeddable":true,"href":"https:\/\/isanagustin.edu.pe\/portal1\/wp-json\/wp\/v2\/comments?post=2413"}],"version-history":[{"count":52,"href":"https:\/\/isanagustin.edu.pe\/portal1\/wp-json\/wp\/v2\/pages\/2413\/revisions"}],"predecessor-version":[{"id":3217,"href":"https:\/\/isanagustin.edu.pe\/portal1\/wp-json\/wp\/v2\/pages\/2413\/revisions\/3217"}],"wp:attachment":[{"href":"https:\/\/isanagustin.edu.pe\/portal1\/wp-json\/wp\/v2\/media?parent=2413"}],"curies":[{"name":"wp","href":"https:\/\/api.w.org\/{rel}","templated":true}]}}